 = k**3 - k**2 - 5*k + 3. Suppose -4*w - 8 = 4*u, u - 2*u + 1 = 0. Let g(t) be the first derivative of -t**2/2 - 49. Let q be g(w). What is f(q)?
6
Let q be (3 + -8 + 4)*-3. Let w(r) = 3*r + 4. Let x(j) = 1. Suppose d + 4*d = 15. Let s(v) = d*x(v) - w(v). Determine s(q).
-10
Let y(s) = 5*s + 4. Suppose 4 + 16 = 4*o. What is y(o)?
29
Let t(p) be the first derivative of p**4/4 - 5*p**3/3 + 2*p**2 - 3*p + 371. Let w be -2 + 2 + -2 + 6. What is t(w)?
-3
Let l(s) be the second derivative of s**4/6 + s**3/2 - s**2/2 + 210*s - 1. Give l(-2).
1
Let m(t) = t**2 - 7*t + 4. Suppose -1 = -3*z - 1. Suppose z = 2*j - 29 + 19. Calculate m(j).
-6
Let z(j) = j**3 + 7*j**2 + 6*j + 3. Let t be (4/(-5))/(8/(-20)). Let c be (t/2)/(1/9). Let q(k) = -k**2 + 7*k + 12. Let x be q(c). What is z(x)?
3
Let o(s) = -3*s - 6. Suppose 482*f - 489*f - 56 = 0. Calculate o(f).
18
Suppose 2*m + 5 = -5. Let a be 2/(-5) + (-17)/m. Let j(x) = 4 - x + 4*x - 3. Calculate j(a).
10
Let w be (((-2)/(-2))/(-1))/(-7 - -6). Let x(o) = 6*o + w - 7*o + 2*o + 3. Calculate x(-2).
2
Suppose -3*b + 4*q + 0*q = -8, -2*q - 18 = -5*b. Let i(n) be the third derivative of 0 + 0*n + 0*n**3 - 8*n**2 + 1/12*n**4 - 1/60*n**5. What is i(b)?
-8
Let j(g) = -44 + 3*g + 44. What is j(-4)?
-12
Let v(y) = -53*y + 314. Let x be v(6). Let h(r) = -r**3 - 2*r**2 + 7*r + 5. Give h(x).
9
Let c(a) = 31*a. Suppose 13*q - 16 = -29. Determine c(q).
-31
Let f(n) = 101 + 113 - 221 - 2*n**2 - 14*n. Calculate f(-8).
-23
Let a(r) be the first derivative of r**3/3 + r + 35. Determine a(-1).
2
Let v(h) = -h**3 + 5*h**2 - h. Let p = -152 - -157. What is v(p)?
-5
Suppose 2*t - 25 = v - 1, 2*v = -5*t + 69. Let b(n) = n**3 - 14*n**2 + 13*n + 4. What is b(t)?
4
Let b(d) be the first derivative of d**4/4 - 5*d**3/3 - d**2/2 + d + 2. Let m = -8356 + 8359. What is b(m)?
-20
Let a(w) = -64*w**2 - 9*w + 63*w**2 + 11 - 7. Calculate a(-6).
22
Let k(s) = s**3 - 8*s**2 + 9*s + 3. Let u(t) = 3*t**3 - 15*t**2 + 16*t + 6. Let i(h) = 5*k(h) - 2*u(h). What is i(-11)?
-19
Let v(q) = q**3 + 15*q**2 - 11. Suppose -14*h + 10*h - 60 = 0. What is v(h)?
-11
Let s be 30/18 + (-2)/(-6). Suppose s*z = 2, 2*d - 5*d - 5*z = -17. Let w(g) = g**2 - 4*g + 4. Let x be w(d). Let k(b) = -b**3 + 4*b**2 - b - 1. What is k(x)?
-5
Let n(u) = -2*u**3 - 6*u**2 - 10*u + 7. Let i(a) = a**3 + 5*a**2 + 9*a - 7. Let l(o) = 3*i(o) + 2*n(o). Calculate l(5).
-22
Let l(r) = -34*r**3 - 5*r**2 - 2*r - 7. Let m(n) = 16*n**3 + 2*n**2 + n + 3. Let s(k) = 2*l(k) + 5*m(k). What is s(-1)?
-12
Let g(t) = -t**3 - 2*t - 1. Let i(h) = -h**2 - h - 1. Let d(v) = g(v) + 5*i(v). Suppose 0 = -m + 3*m - 24. Suppose -2*a - m = a. Determine d(a).
6
Let l be 7/1 - 6/3. Let r(d) = 4*d**2 + 5*d**3 - 3*d**2 - 4*d**3 - 6*d**2 - 5 - l*d. Suppose 4*h + 20 = 2*k, h - 30 = -4*k + 4*h. Give r(k).
1
Let w(b) = -b + 9. Suppose -5*x = 5*p - p - 20, -3*p - 16 = -4*x. Determine w(x).
5
Let m(q) be the first derivative of q + 2 + 1/3*q**3 + 2*q**2. Suppose 5*l - 3*o = -4*o - 25, -9 = -4*l + 5*o. Give m(l).
1
Let m(w) = 2*w + 1. Let j(r) = 10*r + 32. Let u be j(-4). Calculate m(u).
-15
Let s(t) = t**2 - 3*t - 13. Let r be s(8). Suppose 2*l - 5*l - 5*b + 27 = 0, 0 = -3*b - 9. Let d(x) = -x**2 + l*x - r*x + 10*x + 2. Give d(-3).
2
Suppose u + 4*u = -2*a + 6, 5*u = -10. Let x(r) = 3 + 4 + 9*r**2 + 12*r - r**3 - 22*r - 1. Give x(a).
-10
Let o = -9 - -8. Let y(t) = 12*t**3 + 4*t**2 - 4*t - 3. Let q(l) = -l**3 - l**2 + l + 1. Let s(i) = -4*q(i) - y(i). Calculate s(o).
7
Suppose 2*o - 4 = -0. Let c(k) = 0 - 3 + k**o + k + k. Suppose 4*p - 2*x = -14, 23 = -5*p - 3*x - 0*x. Give c(p).
5
Let t(j) = 8*j - 565*j**2 + 1138*j**2 - 588*j**2 - j**3 - 18 + j + 6*j. Determine t(-16).
-2
Let q = 724 - 729. Let k(d) = 2*d + 10. Give k(q).
0
Let z(i) be the third derivative of -i**4/24 - 11*i**3/6 + 22*i**2. Let g be z(-6). Let o(h) = -2*h + 4. What is o(g)?
14
Let d be (-5 - 2) + 2*1. Suppose 0 = -q + b + 5, -q - 2*b + 20 = 2*q. Let c(u) = 5*u + 7. Let m(x) = -14*x - 20. Let n(a) = q*m(a) + 17*c(a). Give n(d).
-6
Let r(s) = -519*s + 4 + 258*s + 260*s. Let z = -1 + 1. Calculate r(z).
4
Let q(y) be the third derivative of y**4/8 + 2*y**3/3 + 56*y**2. Give q(6).
22
Let l(s) = 16*s**2 - 321*s + 25. Let y be l(20). Let j(a) be the second derivative of -a**5/20 + 5*a**4/12 + a**3/2 + 3*a**2 - a. Determine j(y).
21
Let x(n) be the first derivative of -6 + 0*n + 1/30*n**5 + 0*n**4 + 0*n**3 + 1/2*n**2 - 1/120*n**6. Let l(p) be the second derivative of x(p). What is l(3)?
-9
Let r be -4 + 0 + 2 - 0. Let f(l) = 2*l. Let a be f(16). Let m(n) = 2*n + a - 32. Give m(r).
-4
Let k(b) = b**3 - 7*b**2 + 9*b - 8. Let s be 62/(-6) + (-10)/15. Let u = s + 14. Suppose -4*j = 5*w - 9, 4*j - u*w - 39 = -j. Give k(j).
10
Let n(r) be the first derivative of -5*r**2/2 - r + 41. Let h be (-2)/(-3)*15/10. Let f be 18/8 - h/4. What is n(f)?
-11
Let m(v) = v. Let o = -34 + 28. Let k be (-12)/8 + 81/o. Let z = -15 - k. Give m(z).
0
Let q be (-5)/(200/(-135)) - 3/8. Let c(g) be the second derivative of q*g**2 + 6*g - 1/12*g**4 + 0*g**3 + 0. Calculate c(0).
6
Let r = -155 + 152. Let g(s) = 2*s - 23. Let n(l) = 2. Let k(f) = 2*g(f) + 22*n(f). Calculate k(r).
-14
Let a(j) = -3*j - 7. Let g(n) = 5*n + 10. Suppose 5*w + 25 = -0*w. Let x(t) = w*g(t) - 8*a(t). Let m be ((-4)/(-5))/(2/15). Determine x(m).
0
Let c(g) = -g**3 + 5*g**2 + g - 5. Let p = -18 + 43. Suppose 4*f + f - t = 15, -3*f + 4*t - 8 = 0. Suppose z = -f*z + p. What is c(z)?
0
Let b = -1274 - -1287. Let z(l) = 2*l - 19. Give z(b).
7
Let v(b) = b**2 + 3*b - 2. Let j be v(-3). Let a(h) be the first derivative of -15 - 2*h - 1/4*h**4 - 2/3*h**3 - 2*h**2. What is a(j)?
6
Let u(v) = 10*v**3 - 7*v**2 - 9*v - 2. Let a(x) = 11*x**3 - 8*x**2 - 11*x - 2. Let i(k) = -6*a(k) + 7*u(k). Calculate i(2).
32
Let q(h) = -42 + 4*h - 43 + 133 - 46. What is q(-3)?
-10
Suppose -k + 15 = -4*r, k - 3*k = -r - 9. Let z(s) = -3*s**2 - s**3 + 5 - 7 + 0*s**3 + 3 + 5*s + 1. Determine z(r).
-13
Let o(j) be the third derivative of -j**6/120 + j**5/20 - j**4/12 - 401*j**2. Suppose -2 = -x + 5*t, -2*t = -0*t. Give o(x).
0
Let x(p) = -45*p + 3 - 26*p + 63*p. Determine x(4).
-29
Let u(c) be the first derivative of -13*c**2/2 - c - 1. Let l = 315 + -316. Determine u(l).
12
Let v(x) be the first derivative of -x**3/3 + 32*x + 21. Let y be v(-6). Let z(w) = w**2 + 6*w - 1. Calculate z(y).
-9
Suppose 0 = 3*k - 15, -2*k = 199*a - 200*a - 7. Let q(u) = -u**3 + 4*u**2 - 5*u + 9. Determine q(a).
3
Let o(b) be the second derivative of 0 - 1/2*b**3 + 0*b**2 + 19*b. Give o(5).
-15
Let s = 78 + -79. Let v be -2 + 4 + s + -1. Let r(m) = -m**2 + m + 5. Calculate r(v).
5
Let s(i) be the second derivative of i**4/6 + i**3 + 3*i**2/2 + 3*i + 20. What is s(-4)?
11
Let m = 87 - 90. Let d = -5 + 7. Let l = m - d. Let p(j) = -j. Determine p(l).
5
Let u(k) = -2*k - 2*k - 5 + k**2 + 0*k. Suppose -3*q - 26 = -v, -2*q + 63 = 4*v - 13. Let s be 66/15 + (-8)/v. Calculate u(s).
-5
Let i be (36/45)/(4/30). Let o(t) = 28*t**2 - i - 4*t + 5 + 6*t - 23*t**2. What is o(1)?
6
Let j(p) = -8 - 18 + p + 33. Determine j(-5).
2
Suppose 5*n - 5*k - 30 = 0, -2*k - 3 = -n + 7. Suppose n*l = -l - 9. Let w(a) be the second derivative of -a**5/20 - a**4/4 - 2*a**3/3 + 9*a. Give w(l).
12
Let n(d) = -2*d - 4. Let k be n(-3). Suppose 0 = -2*h - 8, 3 = k*c - 2*h + 11. Let l(z) = z - 2. Determine l(c).
-10
Let f(w) = 7*w - 7. Let b(k) = -4*k + 4. Let r(n) = -5*b(n) - 3*f(n). Let o = -11 + -1. Let q be ((-9)/27)/(2/o). Determine r(q).
-1
Let j(b) be the third derivative of -b**6/120 + b**5/6 - b**4/8 + 25*b**3/6 + 20*b**2 - 8. What is j(10)?
-5
Suppose 0 = 2*g - 4*p - 20, -9*g + 4*g + 25 = -5*p. Let b(n) = n**3 + g*n**3 + 207 - 208 + 5*n**2. What is b(-5)?
-1
Let l(h) = 9*h**3 + 7*h**2 + 0*h**3 - 10*h**3 - 10 + 10*h. Let m(o) be the third derivative of o**4/12 - 2*o**3 + 3*o**2. Let y be m(10). Calculate l(y).
6
Let j(b) = -b**2 - 2581 + 2581 + b. Suppose -2 = 3*a - 2*v, 6*v - 3*v = -3*a + 18. Give j(a).
-2
Let i(g) = -g + 8. Let b be i(7). Let z(m) = -m - 3 - b + 1. Let f(u) = -u**2 - 3*u + 6. Let p be f(-5). What is z(p)?
1
Let g(a) be the first derivative of 9 + a - 1/2*a**2. Determine g(8).
-7
Suppose 541 - 661 = 24*q. Let n(d) = -2*d + 3. Let m(c) = -c + 1. Let f(h) = 8*m(h) - 3*n(h).